Vremenska postaja Krtina

46.1507 N| 14.658 E| 316 m | Prikaži na zemljevidu

Vreme na kratko
3,1°C 83% 1037 mbar 0,0 km/h 0,0 km/h 0,0 mm
2,0°C/h 2%/h -0 mbar/h N/A ( N/A) N/A ( N/A) 0,0 mm/h

25. 02. 2021 09:05:00 CET

Vremenska statistika za 01-2021

Vremenska postaja:Froggit WH4000
Programska oprema:weewx v3.9.2
WeeWX aktiven:79 d, 13 h, 41 min
Strežnik aktiven:79 d, 13 h, 41 min
                   MONTHLY CLIMATOLOGICAL SUMMARY for jan 2021


NAME: Krtina, Dob, Slovenija                  
ELEV: 316 m    LAT: 46-09.05 S    LONG: 14-39.48 V


                   TEMPERATURE (°C), RAIN (mm), WIND SPEED (km/h)

                                         HEAT   COOL         AVG
      MEAN                               DEG    DEG          WIND                   DOM
DAY   TEMP   HIGH   TIME    LOW   TIME   DAYS   DAYS   RAIN  SPEED   HIGH   TIME    DIR
---------------------------------------------------------------------------------------
 01    2,3    5,7  13:55    0,0  05:03    8,7    0,0    5,1    0,0    1,1  07:51     90
 02    4,2    5,8  19:47    2,7  06:26    7,7    0,0   12,9    0,0    6,1  19:09    201
 03    3,7    5,2  14:34    2,3  03:23    8,0    0,0    6,3    0,0    2,5  00:27     90
 04    3,9    5,2  14:15    3,0  22:05    7,8    0,0    2,7    0,0    1,1  19:43     90
 05    3,5    5,4  14:02    0,9  23:57    8,0    0,0    6,6    0,0    1,1  13:13     90
 06    1,2    2,1  11:51    0,4  22:57    9,3    0,0    7,5    0,0    0,0  00:00     90
 07    1,3    2,4  14:55    0,4  00:00    9,3    0,0    2,4    0,0    1,1  12:03     90
 08    1,1    2,0  14:07   -1,4  23:59    9,4    0,0    3,0    0,0    1,1  14:11     90
 09   -1,0    4,1  13:53   -3,5  08:03   10,6    0,0    0,3    0,0    2,5  15:15     90
 10   -0,8    0,2  11:39   -2,1  00:00   10,4    0,0    0,0    0,0    3,6  08:40    211
 11   -0,9    3,6  14:33   -5,5  23:54   10,5    0,0    0,3    0,0    6,1  07:55    199
 12   -4,8   -1,4  12:04   -8,9  07:35   12,7    0,0    0,0    0,0    1,1  09:12     90
 13   -2,7    5,8  14:27   -6,7  07:36   11,5    0,0    0,0    0,0    1,1  11:59     90
 14   -1,0    7,3  14:10   -5,6  01:32   10,5    0,0    0,0    0,0    2,5  07:15     90
 15   -2,7    5,9  14:18   -7,5  08:10   11,5    0,0    0,0    0,0    1,1  02:33     90
 16   -4,2    3,6  14:14   -7,8  07:44   12,3    0,0    0,0    0,0    1,1  00:58     90
 17   -4,4    2,4  14:34   -8,5  04:05   12,4    0,0    0,0    0,0    1,1  14:22     90
 18   -1,2    2,3  12:54   -3,6  23:50   10,6    0,0    0,0    0,0    1,1  09:13     90
 19   -0,9    5,1  14:35   -6,9  07:50   10,5    0,0    0,0    0,0    2,5  18:27     90
 20    3,5    6,5  23:55    0,8  06:50    8,0    0,0    0,0    0,0    6,1  23:38     35
 21    6,6    8,7  13:19    4,4  23:38    6,3    0,0    1,5    0,0    6,1  02:30    301
 22    6,9   10,0  14:31    4,2  00:37    6,1    0,0   12,0    0,0    2,5  06:27      0
 23    6,6    7,9  02:43    4,8  22:41    6,3    0,0   21,6    0,0    1,1  02:33     90
 24    2,9    4,8  00:00    1,4  23:53    8,4    0,0    2,7    0,0    1,1  03:29     90
 25    0,6    2,4  15:19   -1,0  23:41    9,7    0,0    0,0    0,0    1,1  10:03     90
 26   -0,8    1,7  15:10   -2,3  02:07   10,4    0,0    0,0    0,0    2,5  11:44     90
 27   -1,6    1,6  14:41   -3,4  08:40   10,9    0,0    0,3    0,0    2,5  04:37     90
 28   -0,9    4,0  21:42   -4,5  07:37   10,5    0,0    0,0    0,0    5,0  21:40    312
 29    1,7    3,5  16:10   -0,6  06:47    9,1    0,0    1,2    0,0    1,1  01:21     90
 30    1,8    4,7  15:07   -0,3  01:23    9,0    0,0    0,6    0,0    2,5  22:58     90
 31    1,3    4,1  02:14    0,0  23:12    9,3    0,0    7,5    0,0    5,0  06:22    195
---------------------------------------------------------------------------------------
       0,8   10,0     22   -8,9     12  295,9    0,0   94,5    0,0    6,1     02    239
    
Tropske noči (Tmin >= 20): 0
Vroči dnevi (Tmax >= 30): 0
Topli dnevi (Tmax >= 25): 0
Hladni dnevi (Tmin < 0): 18
Ledeni dnevi (Tmax < 0): 1