Vremenska postaja Krtina

46.1507 N| 14.658 E| 316 m | Prikaži na zemljevidu

Vreme na kratko
4,6°C 84% 1036 mbar 0,0 km/h 0,0 km/h 0,0 mm
3,0°C/h 2%/h -1 mbar/h N/A ( N/A) N/A ( N/A) 0,0 mm/h

25. 02. 2021 09:25:00 CET

Vremenska statistika za 12-2020

Vremenska postaja:Froggit WH4000
Programska oprema:weewx v3.9.2
WeeWX aktiven:79 d, 14 h, 1 min
Strežnik aktiven:79 d, 14 h, 1 min
                   MONTHLY CLIMATOLOGICAL SUMMARY for dec 2020


NAME: Krtina, Dob, Slovenija                  
ELEV: 316 m    LAT: 46-09.05 S    LONG: 14-39.48 V


                   TEMPERATURE (°C), RAIN (mm), WIND SPEED (km/h)

                                         HEAT   COOL         AVG
      MEAN                               DEG    DEG          WIND                   DOM
DAY   TEMP   HIGH   TIME    LOW   TIME   DAYS   DAYS   RAIN  SPEED   HIGH   TIME    DIR
---------------------------------------------------------------------------------------
 01   -2,0    1,5  14:53   -6,3  07:34   11,1    0,0    0,0    0,0    3,6  18:17     90
 02   -0,6    0,1  09:23   -1,7  23:09   10,3    0,0    0,0    0,0    7,2  03:41    195
 03   -1,0    0,3  14:45   -2,0  06:46   10,6    0,0    0,6    0,0    1,1  00:12     90
 04   -0,4    1,4  12:05   -1,7  04:41   10,2    0,0    1,8    0,0    1,1  04:58     90
 05    1,3    3,7  13:07   -0,8  00:00    9,3    0,0    2,1    0,0    2,5  02:23     90
 06    2,5    6,3  22:34    0,2  04:30    8,6    0,0   10,2    0,0    2,5  16:09    180
 07    5,1    7,7  13:59    2,4  23:59    7,2    0,0    4,8    0,0    2,5  14:43     90
 08    2,8    5,2  13:11    1,2  03:35    8,4    0,0    4,2    0,0    3,6  17:09    180
 09    2,6    3,3  09:10    2,2  20:39    8,6    0,0    3,0    0,0    3,6  07:48    135
 10    3,0    4,9  13:21    1,4  05:01    8,3    0,0    1,2    0,0    1,1  13:29     90
 11    3,7    5,0  11:30    2,9  04:50    7,9    0,0    0,3    0,0    1,1  11:50     90
 12    3,9    4,6  13:10    3,4  04:32    7,9    0,0    0,6    0,0    1,1  18:22     90
 13    3,2    4,3  13:52    2,3  23:45    8,2    0,0    0,0    0,0    2,5  06:41     90
 14    1,1    2,3  00:00    0,7  06:47    9,4    0,0    0,0    0,0    1,1  01:41     90
 15    0,8    1,4  14:05    0,2  05:58    9,5    0,0    0,0    0,0    1,1  00:00     90
 16    1,0    3,8  15:08   -0,4  20:53    9,4    0,0    0,0    0,0    1,1  00:26     90
 17    3,4   10,4  12:50    0,1  02:57    8,1    0,0    0,0    0,0    1,1  01:05     90
 18    3,0    5,1  15:02    0,9  04:07    8,3    0,0    0,0    0,0    1,1  00:16     90
 19    4,4    5,4  13:29    3,5  07:25    7,6    0,0    1,8    0,0    1,1  10:02     90
 20    4,3    4,8  11:05    4,0  21:56    7,6    0,0    0,6    0,0    1,1  10:43     90
 21    4,7    5,5  14:28    4,0  00:00    7,4    0,0    0,0    0,0    1,1  09:32     90
 22    6,5    8,6  15:16    4,7  00:00    6,4    0,0    0,3    0,0    1,1  13:42     90
 23    8,0    9,7  14:17    6,7  05:15    5,6    0,0    0,0    0,0    3,6  13:49    315
 24    9,1    9,8  02:43    6,8  23:44    4,9    0,0   14,1    0,0    2,5  22:28    225
 25    4,7    6,8  00:00    2,9  23:25    7,4    0,0   16,8    0,0    3,6  03:39    209
 26    2,0    6,1  13:44   -1,2  23:55    8,9    0,0    0,0    0,2   14,8  14:08    197
 27   -0,8    1,6  14:19   -3,2  06:28   10,4    0,0    0,0    0,0    2,5  14:20    225
 28    0,6    3,2  19:58   -1,5  05:08    9,7    0,0   21,6    0,0    2,5  20:31     90
 29    3,3    4,4  13:52    1,8  03:32    8,2    0,0   18,9    0,0    2,5  00:43    349
 30    3,7    6,1  14:30    2,5  05:09    7,9    0,0    1,5    0,0    1,1  11:19     90
 31    2,8    4,4  14:05    1,4  23:59    8,4    0,0    1,8    0,0    1,1  17:37     90
---------------------------------------------------------------------------------------
       2,8   10,4     17   -6,3     01  261,7    0,0  106,2    0,0   14,8     26    198
    
Tropske noči (Tmin >= 20): 0
Vroči dnevi (Tmax >= 30): 0
Topli dnevi (Tmax >= 25): 0
Hladni dnevi (Tmin < 0): 9
Ledeni dnevi (Tmax < 0): 0