Vremenska postaja Krtina

46.1507 N| 14.658 E| 316 m | Prikaži na zemljevidu

Vreme na kratko
13.4°C 78% 1017.5 mbar 0 km/h 0 km/h 0.0 mm
0.0°C/h -2%/h 0.3 mbar/h N/A ( N/A) N/A ( N/A) 0.0 mm/h

25/04/19 02:25:00 CEST

Vremenska statistika za 10-2018

Vremenska postaja:Froggit WH4000
Programska oprema:weewx v3.9.1
WeeWX aktiven:19 d, 16 h, 48 min
Strežnik aktiven:65 d, 11 h, 44 min
                   MONTHLY CLIMATOLOGICAL SUMMARY for Oct 2018


NAME: Krtina, Dob, Slovenija                  
ELEV: 316 m    LAT: 46-09.05 S    LONG: 14-39.48 V


                   TEMPERATURE (°C), RAIN (mm), WIND SPEED (km/h)

                                         HEAT   COOL         AVG
      MEAN                               DEG    DEG          WIND                   DOM
DAY   TEMP   HIGH   TIME    LOW   TIME   DAYS   DAYS   RAIN  SPEED   HIGH   TIME    DIR
---------------------------------------------------------------------------------------
 01    8.9   14.6  14:12    2.6  07:27    5.0    0.0    6.0    0.2    6.1  15:05    185
 02   10.8   15.9  15:36    6.4  23:50    4.0    0.0    0.6    0.7   12.2  12:36    201
 03    9.9   20.2  16:57    3.7  04:48    4.5    0.0    0.0    0.3    6.1  15:13    194
 04   11.3   20.5  15:13    4.8  06:59    3.7    0.0    0.0    0.6    8.6  14:06    202
 05   10.9   21.4  15:40    4.3  06:25    3.9    0.0    0.0    0.6    8.6  14:17    201
 06   13.2   19.4  14:45    8.5  05:15    2.7    0.0    7.5    0.3    6.1  14:42    194
 07   15.8   18.8  16:49   13.8  05:20    1.2    0.0    7.8    0.1    5.0  14:18    165
 08   15.8   20.1  14:14   12.5  23:39    1.2    0.0    2.1    0.2    7.2  14:49    196
 09   15.2   21.2  14:50   11.4  06:09    1.6    0.0    0.0    0.2    5.0  12:17    186
 10   14.3   22.9  15:08   10.0  07:30    2.0    0.0    0.0    0.5   11.2  14:35    198
 11   12.7   23.0  16:05    7.3  05:57    3.0    0.0    0.0    0.4    7.2  12:09    196
 12   12.4   22.5  16:25    7.1  04:52    3.1    0.0    0.3    0.2    3.6  02:09    173
 13   12.4   22.2  15:54    7.6  03:54    3.1    0.0    0.0    0.3    8.6  14:07    230
 14   11.6   21.2  15:59    6.0  07:07    3.6    0.0    0.0    0.3    8.6  15:35    191
 15   10.8   13.2  17:18    8.4  06:37    4.0    0.0    1.2    0.0    3.6  03:31    200
 16   12.4   15.3  16:22   10.8  00:58    3.1    0.0    0.3    0.2    5.0  11:05    190
 17   14.3   18.7  14:55   10.9  07:15    2.0    0.0    0.3    0.1    5.0  12:04    186
 18   15.2   20.8  15:59   11.5  23:56    1.6    0.0    0.0    0.2    5.0  15:57     93
 19   12.7   21.2  15:59    7.8  07:13    3.0    0.0    0.0    0.2    5.0  23:49    139
 20   11.5   19.9  16:02    7.1  04:49    3.6    0.0    0.0    0.2    6.1  12:37    171
 21    9.1   12.0  16:02    4.3  23:10    4.9    0.0    2.4    0.7   18.4  10:38    194
 22    8.8   16.3  15:36    4.5  03:32    5.1    0.0    0.0    1.5   13.3  12:30    189
 23    8.9   17.2  15:10    3.1  08:12    5.1    0.0    0.0    0.3    5.0  11:40    196
 24   11.9   23.1  17:03    5.0  07:08    3.4    0.0    0.0    1.0   18.4  15:49    193
 25   11.3   17.0  15:29    7.6  23:58    3.7    0.0    0.0    0.4    7.2  00:16    198
 26   10.5   14.1  14:53    5.9  02:50    4.2    0.0    1.8    0.1    5.0  03:01    181
 27   14.9   18.3  14:44   12.6  00:17    1.7    0.0    2.1    0.6   12.2  09:36     59
 28   14.6   16.1  13:05   13.6  21:59    1.9    0.0   20.4    0.2    6.1  22:36     89
 29   15.3   18.3  19:32   12.8  01:51    1.5    0.0   14.1    1.8   19.4  19:27    199
 30   12.6   17.6  13:24    9.8  19:22    3.0    0.0    9.6    2.2   20.9  11:51    172
 31   11.7   16.9  14:05    7.8  23:54    3.5    0.0    0.0    0.3    6.1  12:54    186
---------------------------------------------------------------------------------------
      12.3   23.1     24    2.6     01   97.9    0.0   76.5    0.5   20.9     30    191
    
Tropske noči (Tmin >= 20): 0
Vroči dnevi (Tmax >= 30): 0
Topli dnevi (Tmax >= 25): 0
Hladni dnevi (Tmin < 0): 0
Ledeni dnevi (Tmax < 0): 0